{"id":2229,"date":"2024-05-06T17:42:37","date_gmt":"2024-05-06T22:42:37","guid":{"rendered":"https:\/\/ucret.com.co\/site\/?page_id=2229"},"modified":"2024-05-23T11:54:43","modified_gmt":"2024-05-23T16:54:43","slug":"reconstruccion-analitica-de-accidentes-de-transito","status":"publish","type":"page","link":"https:\/\/ucret.com.co\/site\/reconstruccion-analitica-de-accidentes-de-transito\/","title":{"rendered":"Reconstrucci\u00f3n anal\u00edtica de accidentes de tr\u00e1nsito"},"content":{"rendered":"\t\t<div data-elementor-type=\"wp-page\" data-elementor-id=\"2229\" class=\"elementor elementor-2229\">\n\t\t\t\t\t\t<section class=\"elementor-section elementor-top-section elementor-element elementor-element-7dde20d7 elementor-section-content-middle elementor-section-stretched elementor-section-boxed elementor-section-height-default elementor-section-height-default\" data-id=\"7dde20d7\" data-element_type=\"section\" data-settings=\"{&quot;stretch_section&quot;:&quot;section-stretched&quot;}\">\n\t\t\t\t\t\t<div class=\"elementor-container elementor-column-gap-custom\">\n\t\t\t\t\t<div class=\"elementor-column elementor-col-50 elementor-top-column elementor-element elementor-element-79e5bc6d\" data-id=\"79e5bc6d\" data-element_type=\"column\">\n\t\t\t<div class=\"elementor-widget-wrap elementor-element-populated\">\n\t\t\t\t\t\t<div class=\"elementor-element elementor-element-1b6550ff elementor-widget__width-initial elementor-invisible elementor-widget elementor-widget-image\" data-id=\"1b6550ff\" data-element_type=\"widget\" data-settings=\"{&quot;_animation&quot;:&quot;fadeInLeft&quot;}\" data-widget_type=\"image.default\">\n\t\t\t\t<div class=\"elementor-widget-container\">\n\t\t\t<style>\/*! elementor - v3.21.0 - 30-04-2024 *\/\n.elementor-widget-image{text-align:center}.elementor-widget-image a{display:inline-block}.elementor-widget-image a img[src$=\".svg\"]{width:48px}.elementor-widget-image img{vertical-align:middle;display:inline-block}<\/style>\t\t\t\t\t\t\t\t\t\t<img fetchpriority=\"high\" decoding=\"async\" width=\"360\" height=\"541\" src=\"https:\/\/ucret.com.co\/site\/wp-content\/uploads\/2024\/05\/ucret.jpg\" class=\"attachment-full size-full wp-image-2378\" alt=\"\" \/>\t\t\t\t\t\t\t\t\t\t\t\t\t<\/div>\n\t\t\t\t<\/div>\n\t\t\t\t\t<\/div>\n\t\t<\/div>\n\t\t\t\t<div class=\"elementor-column elementor-col-50 elementor-top-column elementor-element elementor-element-7d71f899\" data-id=\"7d71f899\" data-element_type=\"column\">\n\t\t\t<div class=\"elementor-widget-wrap elementor-element-populated\">\n\t\t\t\t\t\t<div class=\"elementor-element elementor-element-75a971b4 elementor-invisible elementor-widget elementor-widget-heading\" data-id=\"75a971b4\" data-element_type=\"widget\" data-settings=\"{&quot;_animation&quot;:&quot;fadeInRight&quot;}\" data-widget_type=\"heading.default\">\n\t\t\t\t<div class=\"elementor-widget-container\">\n\t\t\t<style>\/*! elementor - v3.21.0 - 30-04-2024 *\/\n.elementor-heading-title{padding:0;margin:0;line-height:1}.elementor-widget-heading .elementor-heading-title[class*=elementor-size-]>a{color:inherit;font-size:inherit;line-height:inherit}.elementor-widget-heading .elementor-heading-title.elementor-size-small{font-size:15px}.elementor-widget-heading .elementor-heading-title.elementor-size-medium{font-size:19px}.elementor-widget-heading .elementor-heading-title.elementor-size-large{font-size:29px}.elementor-widget-heading .elementor-heading-title.elementor-size-xl{font-size:39px}.elementor-widget-heading .elementor-heading-title.elementor-size-xxl{font-size:59px}<\/style><h2 class=\"elementor-heading-title elementor-size-default\">RECONSTRUCCI\u00d3N ANAL\u00cdTICA<br>\nDE ACCIDENTES DE TR\u00c1NSITO<\/h2>\t\t<\/div>\n\t\t\t\t<\/div>\n\t\t\t\t<div class=\"elementor-element elementor-element-211aef20 elementor-invisible elementor-widget elementor-widget-text-editor\" data-id=\"211aef20\" data-element_type=\"widget\" data-settings=\"{&quot;_animation&quot;:&quot;fadeInRight&quot;}\" data-widget_type=\"text-editor.default\">\n\t\t\t\t<div class=\"elementor-widget-container\">\n\t\t\t<style>\/*! elementor - v3.21.0 - 30-04-2024 *\/\n.elementor-widget-text-editor.elementor-drop-cap-view-stacked .elementor-drop-cap{background-color:#69727d;color:#fff}.elementor-widget-text-editor.elementor-drop-cap-view-framed .elementor-drop-cap{color:#69727d;border:3px solid;background-color:transparent}.elementor-widget-text-editor:not(.elementor-drop-cap-view-default) .elementor-drop-cap{margin-top:8px}.elementor-widget-text-editor:not(.elementor-drop-cap-view-default) .elementor-drop-cap-letter{width:1em;height:1em}.elementor-widget-text-editor .elementor-drop-cap{float:left;text-align:center;line-height:1;font-size:50px}.elementor-widget-text-editor .elementor-drop-cap-letter{display:inline-block}<\/style>\t\t\t\t<p style=\"text-align: justify;\"><strong>La reconstrucci\u00f3n de los accidentes de tr\u00e1nsito\u00a0<\/strong>es una forma id\u00f3nea de poder demostrar a trav\u00e9s de una prueba pericial o dictamen, cu\u00e1les fueron las circunstancias de tiempo, modo y lugar en las que se present\u00f3 un accidente de tr\u00e1nsito.<\/p><p style=\"text-align: justify;\">Los procedimientos de investigaci\u00f3n y reconstrucci\u00f3n de accidentes de tr\u00e1nsito utilizan t\u00e9cnicas y metodolog\u00edas desarrolladas y probadas cient\u00edficamente con el fin de determinar la din\u00e1mica del accidente que permitan identificar las causas del siniestro<\/p><p style=\"text-align: justify;\">De esta manera, para la realizaci\u00f3n de una reconstrucci\u00f3n de siniestros viales es necesario que personal id\u00f3neo o expertos tengan los conocimientos necesarios y pr\u00e1cticos de matem\u00e1ticas, mec\u00e1nica, aplicaciones inform\u00e1ticas, fuerzas de colisi\u00f3n, f\u00edsica y din\u00e1mica de veh\u00edculos para determinar la causa del accidente automovil\u00edstico.<\/p><p style=\"text-align: justify;\">Para la elaboraci\u00f3n de un dictamen pericial en reconstrucci\u00f3n se accidentes de tr\u00e1nsito se sigue el siguiente procedimiento: una vez obtenida toda la evidencia objetiva necesaria para la reconstrucci\u00f3n se proceder\u00e1 a realizar el an\u00e1lisis de las evidencias con el fin de aplicar los m\u00e9todos f\u00edsicos donde se plantea el \u201cmodelo f\u00edsico del accidente\u201d este modelo f\u00edsico permite pre-visualizar c\u00f3mo posiblemente fue el desarrollo del A\/T, estimando el comportamiento de los cuerpos involucrados mediante una serie de asunciones dentro de un margen l\u00f3gico con la posterior verificaci\u00f3n de la consistencia entre los resultados y las evidencias.<\/p><p style=\"text-align: justify;\">Posteriormente se realiza el informe de reconstrucci\u00f3n con el fin de exponer de manera clara los resultados obtenidos del proceso reconstructivo, como pueden ser velocidades, posiciones relativas, \u00e1rea de impacto, \u00e1rea de reacci\u00f3n, direcciones previas al impacto, evitabilidad y dem\u00e1s factores.<\/p><p style=\"text-align: justify;\">Finalmente, y de acuerdo con lo establecido en el art\u00edculo 228 del C\u00f3digo General del Proceso y 418 del C\u00f3digo de Procedimiento Penal, el perito comparecer\u00e1 a la audiencia con el fin de rendir el informe pericial, en la cual el juez y las partes podr\u00e1n interrogarlo bajo juramento acerca de su idoneidad e imparcialidad y sobre el contenido del dictamen.<\/p>\t\t\t\t\t\t<\/div>\n\t\t\t\t<\/div>\n\t\t\t\t<div class=\"elementor-element elementor-element-1f52428b elementor-invisible elementor-widget elementor-widget-text_button\" data-id=\"1f52428b\" data-element_type=\"widget\" data-settings=\"{&quot;_animation&quot;:&quot;fadeInUp&quot;}\" data-widget_type=\"text_button.default\">\n\t\t\t\t<div class=\"elementor-widget-container\">\n\t\t\t<div class=\"etheme-button-wrapper\"><a href=\"https:\/\/ucret.com.co\/site\/contacto\/\" class=\"fill-bottom has-fill etheme-text-button elementor-button\" role=\"button\">\r\n        <span class=\"elementor-button-content-wrapper\">\r\n            \t\t\t<span class=\"elementor-button-text\">Cont\u00e1ctanos Ahora<\/span>\r\n        <\/span><\/a><\/div>\t\t<\/div>\n\t\t\t\t<\/div>\n\t\t\t\t\t<\/div>\n\t\t<\/div>\n\t\t\t\t\t<\/div>\n\t\t<\/section>\n\t\t\t\t<\/div>\n\t\t","protected":false},"excerpt":{"rendered":"<p>RECONSTRUCCI\u00d3N ANAL\u00cdTICA DE ACCIDENTES DE TR\u00c1NSITO La reconstrucci\u00f3n de los accidentes de tr\u00e1nsito\u00a0es una forma id\u00f3nea de poder demostrar a trav\u00e9s de una&#8230;<\/p>\n","protected":false},"author":1,"featured_media":0,"parent":0,"menu_order":0,"comment_status":"closed","ping_status":"closed","template":"","meta":{"footnotes":""},"class_list":["post-2229","page","type-page","status-publish","hentry"],"_links":{"self":[{"href":"https:\/\/ucret.com.co\/site\/wp-json\/wp\/v2\/pages\/2229","targetHints":{"allow":["GET"]}}],"collection":[{"href":"https:\/\/ucret.com.co\/site\/wp-json\/wp\/v2\/pages"}],"about":[{"href":"https:\/\/ucret.com.co\/site\/wp-json\/wp\/v2\/types\/page"}],"author":[{"embeddable":true,"href":"https:\/\/ucret.com.co\/site\/wp-json\/wp\/v2\/users\/1"}],"replies":[{"embeddable":true,"href":"https:\/\/ucret.com.co\/site\/wp-json\/wp\/v2\/comments?post=2229"}],"version-history":[{"count":13,"href":"https:\/\/ucret.com.co\/site\/wp-json\/wp\/v2\/pages\/2229\/revisions"}],"predecessor-version":[{"id":2466,"href":"https:\/\/ucret.com.co\/site\/wp-json\/wp\/v2\/pages\/2229\/revisions\/2466"}],"wp:attachment":[{"href":"https:\/\/ucret.com.co\/site\/wp-json\/wp\/v2\/media?parent=2229"}],"curies":[{"name":"wp","href":"https:\/\/api.w.org\/{rel}","templated":true}]}}